1887*h**2 - 235*h - 1143. Is v(-5) a composite number?
False
Suppose -12*p - 585946 + 2807762 = -1423268. Is p a composite number?
True
Let c = 174 - 157. Suppose -c*g = -5*g - 43068. Is g a composite number?
True
Suppose 4*k = -2*f - 6, -3*f + 6 - 12 = 5*k. Suppose 2137 = g - 3*b, 5*g - f*b = 6012 + 4721. Is g a composite number?
True
Let r = -130 + -124. Is (10 - r/(-6))/((-1)/3) a composite number?
False
Let a(m) = m + 232. Let h(d) = 58. Let c(w) = -2*a(w) + 9*h(w). Let u be c(30). Is 273 + 19 - (u - -1) a composite number?
False
Let c(x) = -12*x + 10*x + 20 + 6*x. Let i be c(-4). Suppose -j - 2*l = 2*j - 3211, i*j = -5*l + 4293. Is j a composite number?
True
Is ((-58)/58)/((-359835)/(-89959) - (-6 - -10)) a prime number?
True
Suppose v - 701 = 25. Let f = v - 323. Is f a composite number?
True
Let v(u) = 8768*u - 2087. Is v(21) a composite number?
False
Suppose 2*p - 5*o - 7458 = 132460, o - 139918 = -2*p. Is p prime?
True
Is 4*1/28*(1099747 + 16) composite?
False
Let f = -440 - -445. Suppose 7*s - 43931 = -4*u + 12*s, f*u - s = 54898. Is u prime?
True
Let y(n) = 3898863*n**2 - 51*n - 47. Is y(-1) a composite number?
True
Let c be 1*(-7)/14*6. Is c/4*682052/(-21) a composite number?
False
Let x be ((-15)/(-6))/(44/(-16) - -4). Suppose 4*p - 7662 = -x*k, -10*k - p = -5*k - 19200. Is k composite?
True
Let d be 4/14*1 + 39753/(-49). Let c = -247 - d. Is c/(-8)*2/6*-6 a prime number?
False
Let j(w) = -w**3 + 9*w**2 - 7*w - 12. Let z be j(9). Let k be ((-6564)/15)/(6/z). Suppose -46 = -4*s + k. Is s a composite number?
True
Suppose -12*p + 9*p + 5*k - 13 = 0, 3*p - k - 7 = 0. Suppose -4*r = -p*j + 16516, -9*j - r + 12379 = -6*j. Is j prime?
True
Let f(b) be the second derivative of 0 - 51*b**3 - 11*b + 5/2*b**2. Is f(-5) prime?
False
Suppose 2*f + f - 5*q - 1558154 = 0, q = 5*f - 2596916. Is f a composite number?
False
Suppose -156*f + 2013192 = -8087964. Is f composite?
True
Suppose -q - 3*q = 61668. Is (15/2)/5 + q/(-6) composite?
True
Let w = 28920 + -12551. Is w a prime number?
True
Let h(q) = 78*q**2 + 204*q - 157. Is h(-61) composite?
False
Let j be (6204/15)/((-10)/(-25)). Suppose -2*h + j = 4*o, -5*h + 4*o = o - 2611. Is h composite?
False
Let f be 12/(-18)*(-3)/(-2). Let n(j) be the third derivative of 571*j**5/20 + j**4/24 + j**3/6 - 260*j**2. Is n(f) a prime number?
False
Let c be 1 - -4 - (-2)/(-1). Suppose a + 8 = -c*a. Is 5 + -4 + (a - -1262) prime?
False
Let g = 2784 + 2444. Let m(v) = 136*v - 13. Let j be m(3). Let h = j + g. Is h prime?
True
Let s(a) = a**3 - 5*a**2 + 3*a + 9. Let r be s(4). Let w be -5*1*(31704/(-30) + r). Suppose -11*o = -6478 - w. Is o a composite number?
True
Let b(y) = -60*y + 300. Let r be b(5). Suppose r = 10*s - 16*s + 45834. Is s a prime number?
True
Let h = -1433 - -5630. Is h composite?
True
Suppose 6*s - 4*s + 1231980 = 4817890. Is s composite?
True
Let y(u) = 298*u - 41. Let d be 3*(2 - 0)*(79 - 78). Is y(d) composite?
False
Let m = 7 - 2. Let r(c) = 2050*c - 35. Let n(z) = -341*z + 6. Let l(i) = -13*n(i) - 2*r(i). Is l(m) a composite number?
False
Suppose -8*x + 285107 = -87157. Is (2 - 1)/(3/x) prime?
True
Let p(m) be the third derivative of 53*m**6/120 - m**5/10 - m**4/8 + 3*m**3/2 + 120*m**2. Is p(8) a composite number?
False
Let m(z) = z**2 + z + 5. Let g be m(0). Let c = 5418 - 622. Suppose -g*w + 10*w + 3*f - c = 0, 2*w + 4*f = 1924. Is w prime?
False
Let o = 421 - 436. Let b(s) = 2*s**2 + 15*s - 14. Is b(o) a composite number?
False
Suppose 4*q + f - 11 = 0, -2*q + q + 14 = 4*f. Let z(y) = 17*y**q - y - 7 + 4 + 25*y**2. Is z(2) composite?
False
Let l(a) = 72*a - 2. Let x be l(7). Let d = x + 1064. Let s = 2681 - d. Is s a composite number?
True
Suppose -50*b + 36 = -32*b. Suppose 0*i = -2*i + 4. Suppose -i*w - b*w + 1004 = 0. Is w composite?
False
Let i(k) = -k**2 + 4*k - 1. Let w be i(1). Let q be w/(((-3)/(12/4))/1). Is (2/(-4) - 2225/q) + 3 composite?
True
Suppose 39*t + 38*t - 3095554 = 0. Is t prime?
False
Suppose -12 = -2*n - 5*o, 24 + 6 = 5*n + 2*o. Let m(t) = -2*t**2 - 8*t - 17. Let a(d) = 3*d**2 + 7*d + 17. Let u(v) = n*m(v) + 5*a(v). Is u(8) a prime number?
True
Let h(t) be the third derivative of 0 + 0*t + 3*t**2 + 1/2*t**4 + 49/3*t**3. Is h(29) a composite number?
True
Suppose 71633*u = 71628*u + 2376005. Is u prime?
False
Let o(a) = 50*a**3 + 16*a**2 - 26*a + 8. Let z be o(9). Suppose z = 5*m + 3*b, m + 2*m = -5*b + 22512. Let q = m - 3945. Is q a composite number?
False
Suppose -3*d = 4*s - 35893, s = 4 - 3. Is d a composite number?
True
Suppose 0 = -3*l, 0*g + 2*l + 30155 = -5*g. Let p = -1742 - g. Is p a prime number?
True
Let l(v) = -1. Let k(d) = 826*d - 9. Let p(a) = -k(a) + 4*l(a). Let o = -1314 - -1313. Is p(o) prime?
False
Is (0 - -3119)/(-19 + (-1474)/(-77)) composite?
True
Suppose -b + 1439793 = 2*u, 0 = 25*u - 26*u - 2*b + 719907. Is u a composite number?
False
Suppose 14903849 = 23*q - 668744 - 2255926. Is q composite?
False
Let y(n) = 33*n + 35. Let t be y(-1). Let j = -5 + 10. Suppose 3*g = j*i - 152, -2*g = -i + t*g + 27. Is i prime?
True
Let x be ((-13088)/48)/(2/(-84)). Let o = x - 6307. Suppose -731 = -4*f + o. Is f a composite number?
True
Let t(z) = -3*z**3 + 18*z**2 - 9*z + 21. Let s be t(-17). Suppose -6*v = -s - 30891. Is v a composite number?
False
Let t = 360316 - -328815. Is t prime?
True
Let c be (-37)/((-4)/(-4328)*-2). Let v = 29200 - c. Is v composite?
True
Suppose 102 = 3*w - 2*w. Let q be w/(-90) - (-2)/15 - 0. Is 5 - (-26313)/15 - q/(-5) composite?
False
Let a(q) = -21*q**3 + 34*q**2 - 8*q - 47. Let x be a(18). Let c = -77730 - x. Is c composite?
True
Is 477432 - (1 + 15 - 23) prime?
True
Let x be -2 + -1*(-1)/(-2)*-74. Suppose 39*o = x*o + 3508. Is o a prime number?
True
Let r(f) = 20965*f**2 - 75*f - 3. Is r(-5) composite?
False
Let b be ((-175)/10 + 5)*(-808)/1. Suppose -15*i = b + 3385. Let o = i + 3852. Is o composite?
False
Is 27/(-12)*(-9599752)/(-24)*(-12)/9 prime?
True
Let q(i) = 2*i**2 + 316. Suppose -7*z + 6*z = -9*z. Let o be q(z). Suppose o + 392 = 4*s. Is s composite?
True
Let w = -3107 - -5062. Let r(u) = -200*u - 4. Let p be r(4). Let b = w + p. Is b prime?
True
Let m be 2138*2/(-8)*-18. Let b = 129 - 127. Suppose m = 4*o + o - 4*x, b*o = -3*x + 3830. Is o prime?
False
Is (52/(-6) + 8)*(-211737)/2 a prime number?
False
Suppose d = 2 + 3. Suppose 5*b - 7663 = 3*g - 21905, -d*b = 25. Is g composite?
True
Is (8 + 19056856/(-65))*-2 - 2/(-10) composite?
False
Let j(n) = 39031*n + 272. Is j(3) a prime number?
False
Suppose -11 = 4*f - 11. Suppose f = -5*a - 4*p - 6 + 21, -6 = -2*a - 2*p. Is 1120/(a + -2) - (-3)/1 composite?
False
Let t(v) = -v**2 - 8*v - 16. Let c be t(-4). Suppose c = -7*l + 31350 + 20198. Suppose 5*m - m - l = 0. Is m prime?
False
Let d(u) = 11*u**2 + 185*u - 345. Is d(2) prime?
False
Is (-8)/(48/(-3735306)) - (4 + 0/4) a composite number?
False
Let h be 1 + (14/(-49) - 76542/(-14)). Suppose -4101 = -3*x + c, -4*x + c + 0*c = -h. Is x prime?
True
Let i(g) be the first derivative of 37*g**3/3 + 7*g**2/2 + 37*g + 32. Is i(-9) prime?
True
Let w be -1 + (12/(-8))/((-6)/(-8)). Is (10/(-30))/(w/42651) a prime number?
False
Let b(x) = -40*x**3 - 6*x**2 - 15*x + 2. Suppose 0 = -2*i + 3*h, -11*i + 4*h = -8*i + 1. Is b(i) a prime number?
False
Let a(u) = -24 + u**3 + 0*u**3 + 22*u**2 + 0*u**2 + 22*u - 7*u. Let b be a(-21). Let j = b + 17. Is j prime?
False
Suppose 4*n - 2 = 2*t, 2*t = -0*t - 2*n + 16. Let x(s) = s**3 - s**2 + 7*s + 2. Let y be x(t). Let g = y - 91. Is g a composite number?
True
Suppose -24*z = -27*z + 12213. Suppose -d = -3*h + 7947 + z, 5*d = 4*h - 16024. Is h prime?
False
Is 2509 - (-1 + -6 + 3) composite?
True
Suppose -49*k + 1085189 = 294008 - 933668. Is k a composite number?
False
Let s(u) be the first derivative of 114*u**3 + 9*u**2/2 - 4*u + 96. Is s(-5) composite?
False
Suppose -2*s = 3*l - 304360, 0 = -4*s - 4*l + 189277 + 419447. Is s prime?
True
Suppose -688*y + 370014 = 4*o - 687*y, -4*o + 3*y + 370006 = 0. Is o prime?
True
Suppose 4*w + 4*q = 1118744, -4*w + 1225719 = -5*q + 107038. Is w a prime number?
True
Suppose 0 = 2*q + l + 2 + 43, 5*l = -5*q - 120. Let n(k) = -k**3 - 10*k**2 + 39*k - 43. Is n(q) a prime number?
True
Suppose -14*g + 42538807 = 24*g + 9*g. Is g a composite number?
Tru